nd 51287922.
14
What is the highest common factor of 1233 and 2897496?
9
What is the greatest common divisor of 414 and 55768302?
18
Calculate the highest common factor of 161271 and 4455858.
5973
What is the greatest common divisor of 4910108 and 84?
28
Calculate the greatest common factor of 888605 and 53590.
115
What is the highest common divisor of 2271 and 52568351?
757
Calculate the greatest common divisor of 2441952 and 2466972.
5004
Calculate the highest common factor of 5302748 and 261668.
836
Calculate the highest common factor of 8631436 and 1210.
22
Calculate the highest common divisor of 3816 and 171773.
53
What is the greatest common factor of 6560586 and 8208?
342
Calculate the greatest common factor of 6118 and 24163478.
874
What is the greatest common factor of 2360 and 167166824?
472
What is the highest common divisor of 4678357 and 86?
43
What is the greatest common divisor of 1532777 and 5907?
179
Calculate the greatest common divisor of 64846615 and 10.
5
Calculate the greatest common factor of 164880 and 124455.
15
What is the highest common divisor of 2471056 and 584?
8
Calculate the greatest common divisor of 1596235 and 360905.
655
What is the highest common factor of 12393 and 594135?
729
What is the greatest common divisor of 211242 and 28122?
654
Calculate the greatest common factor of 35485473 and 29.
29
Calculate the greatest common factor of 612690 and 1118.
26
Calculate the greatest common factor of 63710 and 292235.
1385
What is the greatest common factor of 435793 and 5682233?
4231
Calculate the greatest common divisor of 10419004 and 1624.
116
Calculate the highest common factor of 162 and 481977.
27
Calculate the greatest common factor of 44773091 and 716.
179
Calculate the highest common factor of 34819215 and 15.
15
Calculate the greatest common factor of 517909971 and 1329.
1329
Calculate the highest common factor of 2218902 and 1242.
138
Calculate the highest common factor of 5002323 and 3.
3
What is the greatest common divisor of 30 and 9133704?
6
Calculate the highest common divisor of 144 and 318291984.
144
Calculate the highest common factor of 1225329 and 37.
37
What is the greatest common divisor of 1389422 and 1006042?
1322
What is the highest common divisor of 6 and 529331538?
6
Calculate the highest common factor of 2555111832 and 13.
13
What is the highest common factor of 19835160 and 480?
120
What is the highest common divisor of 143815980 and 770?
770
What is the highest common divisor of 15581261 and 6459?
2153
What is the highest common divisor of 1921 and 92605?
1
What is the greatest common divisor of 212478067 and 1037?
61
What is the greatest common divisor of 169739027 and 1037?
61
What is the highest common factor of 26530 and 129620274?
5306
What is the greatest common factor of 338083 and 375809?
1451
What is the greatest common divisor of 88 and 731928?
8
Calculate the highest common factor of 18924 and 109289254.
3154
What is the highest common factor of 441 and 93689274?
147
What is the highest common divisor of 1288 and 27415724?
644
Calculate the highest common divisor of 226054395 and 3797.
3797
Calculate the highest common factor of 268 and 6994264.
268
What is the greatest common divisor of 153 and 768705660?
153
What is the greatest common divisor of 205000 and 9720?
40
What is the highest common factor of 351 and 103913433?
117
Calculate the highest common factor of 53430 and 86060.
130
Calculate the greatest common divisor of 144 and 3882564.
36
What is the greatest common divisor of 11647650 and 336?
42
Calculate the greatest common factor of 43 and 4087819.
1
What is the highest common divisor of 292866000 and 63?
21
What is the highest common divisor of 841666 and 126326?
1522
What is the greatest common factor of 32 and 2470025408?
32
What is the highest common factor of 6858518 and 10?
2
Calculate the greatest common factor of 419705 and 183040.
715
Calculate the greatest common factor of 40911363 and 4848.
303
Calculate the highest common factor of 1876032 and 720.
144
Calculate the highest common factor of 779 and 447697.
19
Calculate the highest common factor of 66 and 68076668.
22
Calculate the highest common factor of 10134 and 3658860.
18
Calculate the highest common divisor of 3405235689 and 12654.
6327
What is the highest common factor of 513645622 and 19352?
4838
Calculate the highest common divisor of 665820 and 2303655.
2055
Calculate the highest common divisor of 12000053 and 39.
13
Calculate the highest common factor of 426468921 and 4191.
381
What is the greatest common factor of 701818 and 1274?
26
What is the greatest common divisor of 2872 and 110102428?
1436
Calculate the highest common factor of 4653 and 86272307.
517
What is the highest common factor of 11649682 and 154?
22
What is the highest common divisor of 1557 and 1217055?
519
Calculate the greatest common factor of 20539337 and 1505.
301
Calculate the highest common divisor of 4730 and 3009140.
430
What is the highest common factor of 25592 and 2135?
7
What is the greatest common factor of 442306 and 8?
2
What is the greatest common divisor of 256 and 8219296?
32
Calculate the greatest common factor of 972 and 222102.
486
What is the highest common factor of 1146830 and 38690?
730
Calculate the highest common factor of 36425 and 112127.
31
Calculate the highest common divisor of 6688 and 481932.
44
What is the highest common factor of 357 and 478686?
51
Calculate the highest common divisor of 486 and 12331818.
54
What is the highest common factor of 76 and 279113686?
38
Calculate the highest common factor of 9022 and 62504.
26
What is the highest common factor of 1610 and 33915455?
805
What is the highest common factor of 12233 and 6372452?
941
Calculate the greatest common factor of 51353838 and 20706.
2958
Calculate the highest common factor of 7 and 2859311.
7
Calculate the greatest common factor of 12 and 29181084.
12
What is the greatest common factor of 197811 and 651?
93
What is the greatest common divisor of 29409120 and 4953?
39
Calculate the highest common divisor of 26825222 and 5957.
851
Calculate the greatest common factor of 34242 and 820014.
78
What is the highest common divisor of 432731 and 106249?
13
What is the highest common divisor of 599441000 and 25354?
3622
Calculate the highest common factor of 11968 and 3670963.
17
Calculate the greatest common factor of 2420 and 200083422.
242
What is the greatest common divisor of 4696 and 22459207?
587
Calculate the highest common factor of 660376 and 39997.
851
Calculate the greatest common divisor of 9250 and 593702.
74
What is the greatest common divisor of 4599 and 8358573?
219
What is the greatest common divisor of 290 and 34011490?
290
Calculate the greatest common factor of 1604416 and 2236.
172
Calculate the greatest common divisor of 1023352946 and 154.
154
Calculate the highest common factor of 1680 and 133677285.
105
Calculate the highest common factor of 2183346 and 25542.
198
What is the highest common divisor of 7300 and 676418?
146
Calculate the greatest common factor of 16291 and 65791.
11
Calculate the highest common factor of 44779815 and 1765.
1765
Calculate the greatest common factor of 850 and 24813200.
850
Calculate the highest common divisor of 119312288 and 8.
8
Calculate the greatest common factor of 512772 and 11611587.
6747
Calculate the highest common factor of 22572220 and 592.
148
Calculate the highest common divisor of 25005845 and 355.
355
Calculate the highest common factor of 2172 and 3053108.
724
Calculate the highest common factor of 1834 and 32517737.
917
Calculate the highest common divisor of 17472975 and 9516.
39
Calculate the highest common factor of 48103 and 86878391.
4373
What is the highest common factor of 36464 and 525632?
688
Calculate the highest common factor of 420 and 28266504.
84
What is the highest common divisor of 1892 and 5460699?
43
What is the highest common factor of 434168 and 49?
7
Calculate the highest common divisor of 114 and 3077544.
114
What is the greatest common divisor of 20286 and 1543346?
322
What is the highest common divisor of 2333110 and 520?
130
What is the greatest common factor of 22 and 2303605678?
22
Calculate the highest common divisor of 783